*q**2 + 2*q - 2. Let s be r(n). What is the highest common divisor of s and k?
6
Let l be (347064/9)/8 - ((-4)/(-12) + 0). Calculate the highest common divisor of 723 and l.
241
Suppose -3*t = -2*f - 2, 0 = -10*f - 40*t + 36*t + 28. Suppose 3*d = -4*j + 115, -j + 23 = -2*d - 3*d. Calculate the greatest common factor of f and j.
2
Suppose 0 = 3*g - 2*q + 28, 1 + 4 = q. Let b be 1170/(-65)*7*4/g. What is the greatest common factor of b and 36?
12
Let b(h) = -h**2 - 28*h + 51. Let t be b(-31). Let s = -32 - t. Let g be 1 + 109 - (0 + 0). Calculate the highest common factor of s and g.
10
Let v(w) = 4*w**2 + w + 7. Let x be v(9). Suppose -6*q + q + 3*b + 6 = 0, 9 = 3*b. Suppose -67 = -q*i + 35. Calculate the highest common divisor of x and i.
34
Let u be (17/(-2))/((-26)/52). Suppose -6394 = -u*q + 4826. Calculate the greatest common factor of 11 and q.
11
Let h = 36446 + -20873. What is the highest common divisor of 358 and h?
179
Let q(u) = -2*u**3 - 3*u**2 + 5*u + 3. Let i be q(-3). Let s be 5/75*-2 + 26/(-30). Let r = s + 16. What is the highest common divisor of i and r?
15
Let p(g) = 2*g**2 + 9*g - 8. Let r be p(7). Let u = 157 - r. What is the highest common factor of u and 1?
1
Let l(w) = 269*w**2 + 71*w - 248. Let t be l(4). Calculate the greatest common divisor of 4 and t.
4
Let a = -17 - -27. Let s(q) = q**2 - 9*q + 17. Let f be s(7). Suppose w = -f*m - w + 55, 4*m = -3*w + 75. What is the greatest common factor of a and m?
5
Let j(z) be the second derivative of z**5/20 + 13*z**4/12 - 3*z**3 - 9*z**2/2 + 126*z. Let v be j(-12). Calculate the greatest common factor of 13 and v.
13
Suppose 26*a - 12 = 40. Let z(u) = 38*u**3 + u**2 + 3*u - 6. Let n be z(a). Calculate the greatest common divisor of 28 and n.
28
Let s be (-5 - -3)/(8/(-1616)). Suppose -220*k - 6207 = -28427. Calculate the greatest common factor of k and s.
101
Let x(s) = -s**3 - 16*s**2 - 19*s - 42. Let v be x(-15). Let u be (7 + -2)*12/20. Let w = u - -3. What is the highest common divisor of v and w?
6
Let v = -318 - -326. Suppose 0 = -v*n - 5*n + 2691. What is the highest common divisor of n and 276?
69
Suppose 87*q + 271*q - 47256 = 0. What is the highest common divisor of q and 825?
33
Let g = -265 + 283. Calculate the highest common divisor of 936 and g.
18
Let s be (347 - 1)*2/18*-9. Let q = 400 + s. Calculate the greatest common factor of 54 and q.
54
Let t = -15 + 22. Let j be 932/(-2) + (4 + -5 - -3). Let s = j - -499. Calculate the greatest common factor of s and t.
7
Suppose 0 = -32*f + 15*f - 14790. Let i be f/(-22) + (4 - 150/33). Calculate the highest common factor of i and 1131.
39
Suppose 0*b - 2*b - 4 = 0. Let h be b*(-11 + (1 - 1)). Let a = -18759 + 18814. What is the highest common divisor of h and a?
11
Let w(r) = -309*r - 761. Let s be w(-9). What is the highest common factor of 20 and s?
20
Suppose 2*o + 605 = 7*o - 5*k, 0 = 4*o + k - 509. Suppose o = -22*w + 4*w. Let v = 7 - w. What is the greatest common factor of 266 and v?
14
Let l(g) = g**3 + 21*g**2 + 43*g + 140. Let s be l(-19). Calculate the greatest common divisor of 25 and s.
5
Let i(t) = -145*t**3 + t**2 - 108*t - 110. Let z be i(-1). Suppose 1 + 29 = 3*s. Let v be s/(-15) + (-58)/(-6). What is the highest common divisor of v and z?
9
Let c be (29/5 - 8)*(-44 + 19). Let g be (4/(-8))/(1/(-110)). What is the greatest common factor of g and c?
55
Let g be (9 + 429/(-44))*(-8)/6. Let l be 2*(-61)/g*2/(-4). What is the highest common factor of 244 and l?
61
Suppose -3*c - 69 = -6*c. Suppose 5*u - 3*q - 2167 = 0, 5*q = 826 - 796. What is the highest common divisor of u and c?
23
Suppose 0 = 378*n - 1255 - 2525. What is the highest common divisor of 6335 and n?
5
Suppose -h + 2*a + 4 = 0, a = -2 + 1. Let l be (1 + 1)*25*h/20. Suppose -t = -5*b - 18, l*b - 3 = -2*t + 3. Calculate the greatest common divisor of 1 and t.
1
Let h = 607 + -327. Suppose -4*y + 668 = 4*r, -3*r + 739 = -y + 206. What is the highest common divisor of r and h?
35
Let u = 303 + -294. Let f be 198 + 1/(-2)*2 + 1. Calculate the greatest common factor of f and u.
9
Let d = 15081 - 10797. Calculate the greatest common divisor of d and 378.
126
Let m be 4/(-50) - (-1784494)/3050. Calculate the highest common divisor of m and 104.
13
Let z(u) = -u**3 - 31*u**2 - 57*u + 50. Suppose -4527 + 4585 = -2*y. Let l be z(y). What is the highest common divisor of l and 105?
21
Let q(s) = s**2 - 112*s - 722. Let f be q(119). Calculate the greatest common factor of 7104 and f.
111
Let d be ((-195)/15)/(-13)*334. What is the highest common divisor of d and 2839?
167
Suppose 5*o + 18 - 58 = 0. Let m = 11 - o. Suppose 216 - 228 = -4*f. Calculate the highest common divisor of f and m.
3
Suppose -4*l = 5*f - 28, -20 = -11*f + 10*f + 4*l. Suppose f*j - 73 - 15 = 0. What is the highest common divisor of j and 319?
11
Let n = 33 + -7. Let a be n/8 + -3 + 34/(-8). Let p be 219/24 + a/(-64)*-2. Calculate the greatest common divisor of 90 and p.
9
Let u = -565 + 566. Let t(c) = 2*c**3 + 3*c**2 - 6*c - 6. Let k be t(-4). Let y = -43 - k. Calculate the greatest common factor of u and y.
1
Let k be (135/10)/(30/8 + -3). Calculate the greatest common divisor of 12456 and k.
18
Suppose 4*v - 2*v - 4*n = -80, -2 = n. Let b = v + 143. Calculate the highest common divisor of b and 33.
33
Let g be 1/11 + 9/(594/60450). Let x = g - 364. What is the greatest common divisor of x and 24?
24
Let b = 110 - 149. Let s = b + 42. Suppose -s*w - 68 = -7*w. Calculate the highest common factor of 187 and w.
17
Let g be (-123)/(-164) - (-1 - 15/12). Suppose -2*s = -4*b + 28, -8*b + g*s = -4*b - 32. Calculate the greatest common factor of 155 and b.
5
Suppose -3*q = 2*q - 165. Let s = -189928 - -190225. Calculate the greatest common divisor of s and q.
33
Let c = -98 - -102. Suppose b - 12 = u + 27, 5*u + 155 = c*b. Calculate the greatest common divisor of b and 24.
8
Let l(f) = -3*f**2 - 20*f - 9. Let x be l(-6). Suppose 0*r + 4*r = a - 113, 3*a + r = 391. Calculate the highest common divisor of a and x.
3
Let h be (-96)/(-1152) + 13/(-12). Let x be (-9)/(-12) - h*558/24. Calculate the highest common factor of x and 84.
12
Suppose 2*r = -0*r + 5*h - 7, 2*h = -3*r + 18. Let n = -472 - -486. Suppose 5*y + 180 = n*y. Calculate the greatest common divisor of y and r.
4
Suppose t - 5185 = -3*t - k, 3889 = 3*t + k. Let u be ((-1)/(-2))/((-6474)/t + 5). Calculate the highest common factor of 4 and u.
4
Let o be (-15)/(-20) - 130/(-8). Suppose 105 = v + o. Let u(y) = 9*y**2 - y - 2. Let g be u(-1). What is the highest common divisor of v and g?
8
Let h = -14 - -62. Let n(k) = k**3 - 18*k**2 - 40*k. Let u be n(20). Suppose 4*o - 7*p - 24 = -5*p, 2*p = u. What is the highest common factor of o and h?
6
Suppose -3*l + 283 = -14. Let j = -48 + l. Calculate the highest common factor of 561 and j.
51
Let g be (2/(-1))/((-896)/239680). Let z(j) = -j**2 - 6*j + 5. Let f be z(-6). Calculate the greatest common factor of g and f.
5
Let d(n) = n**2 - 8*n + 1. Let l be d(8). Let c be -7*l/(-2)*24/2. Let m(g) = -g**3 + 2*g**2 - 2. Let f be m(-2). What is the highest common factor of f and c?
14
Let j be (-4000)/(-48) + 3/(-9). What is the highest common divisor of j and 2241?
83
Let r be (-5 - 35)*(-36)/15. Let b(v) = 5*v**2 + 2*v + 1. Let t be b(-1). Suppose t*g + r = 10*g. What is the highest common factor of g and 48?
16
Suppose -49 - 7 = -3*p + 5*t, 0 = -5*p - 2*t + 52. Let o = -2065 + 2149. Calculate the greatest common factor of p and o.
12
Let g be 429 - ((-3)/(-4) - 7/4). Suppose -5*j = 5*j + g. Let s = 46 + j. What is the highest common factor of s and 15?
3
Let f be 514 - (-11 + 4 + 4). Suppose 45 = 2*r - 37. Suppose 2*u = -r + 135. What is the highest common divisor of f and u?
47
Suppose 0*n - 204 = -2*n. Let k(c) = 14*c**2 - 67*c + 112. Let q be k(4). Calculate the highest common factor of q and n.
34
Let i(q) = -235*q - 2063. Let k be i(-9). What is the highest common divisor of k and 348?
4
Let z = 219 - 213. Let y be (-300)/(-8) + z/(-4). What is the greatest common divisor of y and 9?
9
Suppose -3*a - 275 = 523. Let x = -262 - a. Calculate the highest common divisor of x and 76.
4
Suppose 0 = 2*m + c - 5, -c + 13 = 4*m - 0. Suppose 0 = m*j - 3*t - 312, -5*t = j - 40 - 61. C